 t(-4). Suppose a = -s + 3*a + 19, -3*s - 5*a = -c. What is the highest common factor of 85 and s?
17
Let a = -4 + 4. Suppose -264 = -2*q - a*q. Suppose -3*w + 36 = -0*w. Calculate the highest common divisor of w and q.
12
Let n(c) = c**3 + 28*c**2 + 30*c + 83. Let l be n(-27). Suppose 3*x - 8 - 22 = 0. Calculate the greatest common divisor of x and l.
2
Suppose -4*z - 10 + 94 = -2*h, z + h = 18. What is the highest common factor of z and 80?
20
Let k(i) = i**3 + i - 4. Let s be k(0). Let y(a) = a**3 + 6*a**2 + 3*a - 2. Let l be y(s). Calculate the highest common factor of l and 36.
18
Let g be (-5)/1*170/25. Let m = g - -70. Calculate the greatest common divisor of 54 and m.
18
Suppose 3*v - 268 = -5*n, 0*v - 4*v = -5*n - 404. Let s be (-2)/10 + (-1)/(-5). Let g be 12 - (s - 0/(-2)). What is the highest common factor of g and v?
12
Let u = 5 + 9. Let t(o) = -o**2 + 6*o - 2. Let h be t(5). Suppose h*p = 2*p, -2*w + p = -280. Calculate the greatest common factor of w and u.
14
Let m = -9 + 13. What is the highest common divisor of 32 and m?
4
Suppose 33*r - 90 = -2*n + 35*r, n + 3*r = 41. Let q = 1 - -3. Calculate the highest common divisor of q and n.
4
Let c(j) = -j**2 - 8*j - 3. Let t be c(-5). Let y be (4/3)/(2/t). Suppose y = 4*u, 7*u - 45 = -3*r + 4*u. What is the greatest common divisor of r and 13?
13
Let z = -1460 - -497. Let x be z/(-24) + 3/(-24). What is the highest common factor of 8 and x?
8
Let b(g) = g - 14. Let j be b(9). Let i = j + 6. Let q be 16 + i - (1 + 0). Calculate the greatest common factor of 64 and q.
16
Let m be ((-63)/12)/((-6)/8). What is the highest common divisor of m and 14?
7
Suppose -2*i + 17 = 3*s, 3*i = -4*s - 0*i + 24. Let g be (-4)/(-2) - 0/(-1). Let p be g + -1 - (-1 - 1). What is the highest common divisor of p and s?
3
Let j = -30 + 51. What is the highest common factor of j and 21?
21
Let x(l) be the third derivative of -l**5/60 + 5*l**4/12 - 5*l**3/6 - l**2. Let w be x(4). Calculate the highest common divisor of 171 and w.
19
Suppose 4*d - 60 = -2*g - 2*g, 4*d - 3*g = 25. Suppose -4*o + 84 = -0*o + 4*x, -5*x - 15 = -o. What is the highest common divisor of d and o?
10
Suppose 10*o - 20 = 10. Suppose -5*f + 71 + 4 = 0. Calculate the greatest common factor of o and f.
3
Let a = 2 - -5. Let s = 10 - a. Suppose 80 = 5*r + m, -2*r = 2*m + s*m - 55. Calculate the greatest common divisor of 3 and r.
3
Suppose 0 = 5*z + 16 - 6. Let f be 41 + z + 2 + -2. Let p be (-3)/2 - 275/(-10). What is the highest common divisor of f and p?
13
Let f = -39 + 139. What is the highest common factor of 10 and f?
10
Let d(s) = -s**2 - 5*s + 4. Let h be d(-4). Suppose w = 4*y - 118, h = -y + 4*w + 30. Suppose y = x - 0*x. What is the greatest common factor of x and 6?
6
Let f = 14 + -8. Suppose -60 = -f*t + 4*t. What is the greatest common divisor of t and 75?
15
Let u be ((-2)/6)/((-1)/15). Suppose -2*x + 2 = -x. Suppose 3*a = x*j - 1 + 69, -j = a - 16. Calculate the highest common factor of a and u.
5
Suppose -5*s - 133 = -4*w + 2*w, 80 = -4*s - 5*w. Let g be (-135)/s - (-4)/(-10). Calculate the greatest common divisor of g and 5.
5
Let x = 175 + -169. Calculate the greatest common factor of x and 66.
6
Let f be -1*1 + (-42)/(-14). What is the greatest common divisor of 22 and f?
2
Let t(j) = j**3 + 5*j**2 - 3*j - 5. Let n be t(-6). Let p = n + 47. Calculate the greatest common factor of p and 8.
8
Let i be ((-8)/(-4))/(3/168). What is the highest common divisor of i and 16?
16
Let w(l) = -l**2 - 2*l + 3. Let q be w(2). Let z = 25 + q. Calculate the highest common divisor of 5 and z.
5
Suppose -34 = 2*f + 2*b, -4*f + 7*b = 2*b + 50. Let c be (-2)/4*(f - 5). Calculate the greatest common divisor of c and 110.
10
Let a = -15 + 21. Let f be 64/a*(-3)/(-2). Suppose 5*g - 3 - 7 = 0. What is the greatest common divisor of g and f?
2
Let g = 19 - 14. Suppose g*h - i = 2*i + 645, -272 = -2*h + 4*i. What is the highest common divisor of h and 18?
18
Suppose 3*w = -2*b + 37, 0 = -5*b + b + 8. Let m(j) = j**3 + 14*j**2 + 10*j - 6. Let d be m(-13). Calculate the greatest common divisor of w and d.
11
Let v(c) = 2*c**2 - 2*c - 1. Let a be (1 + 0)*-2 - 0. Let u be v(a). Calculate the highest common divisor of 44 and u.
11
Let y(h) = 7*h**2 + 2 - 4*h**2 - 4*h**2 + 8*h**2 - h. Let r be y(1). What is the highest common factor of r and 20?
4
Let y(a) be the second derivative of a**3/3 - 6*a**2 - 3*a. Let b be y(9). Calculate the highest common divisor of 54 and b.
6
Suppose -x - 37 + 2 = -3*z, -3*x - 57 = -5*z. Suppose 4*u - 8*n = -3*n + 180, z = -3*n. Suppose g = -0*g + 100. What is the greatest common divisor of u and g?
20
Let n = 0 - -6. Suppose 2*v + 8 = n*v. What is the greatest common divisor of v and 18?
2
Let l(k) be the third derivative of k**6/120 + 13*k**5/60 + 11*k**4/24 + k**3/6 - k**2. Let g be l(-12). Calculate the greatest common factor of g and 52.
13
Let y(m) = -6*m**2 - 3*m. Let p be y(4). Let r be ((-66)/(-9))/((-8)/p). What is the greatest common factor of r and 11?
11
Let c = 53 - 36. What is the highest common divisor of 119 and c?
17
Suppose 3*t - 4 = -3*l + 62, 2*l = 4*t + 20. What is the greatest common divisor of 6 and l?
6
Let h(p) = p**3 + 7*p**2 - 8*p - 1. Let y be h(-8). Let m = -4 - 20. Let j be (m + (-3)/(-1))*y. Calculate the greatest common divisor of j and 42.
21
Let w = 111 + -99. Calculate the greatest common divisor of w and 132.
12
Let g(h) = -h**3 - 2*h**2 - 4*h - 2. Let z be g(-1). What is the highest common factor of 7 and z?
1
Suppose 3*q = 20 + 100. Suppose 5*b = q + 25. What is the highest common factor of b and 52?
13
Suppose -3*x + 5*i + 215 = 0, 0 = -2*i + 4*i - 4. Calculate the greatest common divisor of 15 and x.
15
Let f be 322/9 + (-16)/(-72). What is the highest common factor of f and 90?
18
Suppose -43*s = -42*s - 74. Calculate the highest common divisor of s and 185.
37
Let i be 0 - -177 - (-3)/(-3). What is the greatest common factor of 16 and i?
16
Let y be (-3*1 - -2)*-3. Suppose y*h + 12 = 2*n, 2*h = n - h. Let w = n + -1. Calculate the highest common divisor of 77 and w.
11
Let k(r) = -7*r - 15. Let o be k(-10). What is the highest common divisor of 5 and o?
5
Let j be 235 + (-1)/(5/5). What is the highest common divisor of j and 26?
26
Suppose -2 = -2*z + z. Let d be 4/z - 0/(-5). Let m be d*(-1 - -3) + 2. What is the highest common divisor of 15 and m?
3
Suppose 4*z - i - 255 = -0*z, -200 = -3*z - i. What is the highest common divisor of z and 26?
13
Let g(i) = -8*i + 20. Let c be g(-5). What is the highest common divisor of 40 and c?
20
Let f be 147/(-3 - (-18)/4). What is the greatest common factor of 14 and f?
14
Let q be (-4)/(-6) - (-16)/12. Calculate the highest common factor of 4 and q.
2
Suppose 5*c + 10 = 0, q - 4*c = -q + 12. Suppose 12 = 3*i - q*i. What is the greatest common factor of 96 and i?
12
Let m(h) = -h**3 + 10*h**2 - 6*h - 8. Let k be m(8). What is the greatest common divisor of k and 8?
8
Let v = 14 - 8. Let b(g) = g**3 - 5*g**2 - g + 6. Let w be b(v). What is the greatest common divisor of w and 9?
9
Suppose 7 = -o + 28. Let y(k) = -41*k - 2. Let q be y(-3). Let u = 26 + q. What is the greatest common divisor of u and o?
21
Let f = 1 + -2. Let u = 3 + f. Suppose 4*h = u*h + 198. What is the highest common divisor of 11 and h?
11
Let r(a) = a + 15. Let m be r(0). Let j be (-99)/m + (-4)/10. Let n(i) = -i**2 - 10*i + 3. Let o be n(j). Calculate the highest common divisor of 16 and o.
8
Let z(w) = w**2 + 5*w - 2. Let b be z(-7). Calculate the greatest common divisor of b and 12.
12
Let u be (8 + -3)/(-2 - -3). Calculate the greatest common divisor of 55 and u.
5
Let a = -2 - -2. Suppose -3*h + 6*t = 5*t - 45, 5*t - 63 = -3*h. Suppose a = -4*j + 56 - h. Calculate the highest common factor of j and 10.
10
Let g(s) = s**3 + 5*s + 10. Let m be g(5). Calculate the highest common divisor of 20 and m.
20
Let m = -18 - -39. Suppose -762 = -3*f + 3*k, 3*k = -4*f + 900 + 130. Let a = f + -151. Calculate the greatest common divisor of a and m.
21
Suppose 2*v = -v - 3*i + 2613, v + 4*i = 883. Suppose -5*j = -v + 282. Calculate the highest common factor of 13 and j.
13
Let o be (-13 - -231) + (-2)/(-1). Let h = o + -92. Let l be (4/(-10))/(2/(-80)). Calculate the high